it of o(11)?
4
Let z = -265 + 268. Suppose 0 = 5*a - z*i - 1994, 4*i = -a + 88 + 297. What is the hundreds digit of a?
3
Suppose 41*k - 231941 = 14*k + 71539. What is the units digit of k?
0
Let q be (-2 + 2)/1*-1 + -203. Let i be (-4 - -7 - -1 - q) + -4. Let y = -135 + i. What is the tens digit of y?
6
Let u = -406 + 637. Let j = 451 - u. What is the tens digit of j?
2
Let h(f) = 23*f - 6*f + 0 - 1 - 16*f. Let t be h(5). Suppose 3*a = t*l - l + 174, -5*l - 182 = -3*a. What is the units digit of a?
4
Let h(a) = a**2 - a - 67. Let f be h(16). Suppose -n + 5*q + 219 = -f, 0 = 2*n - 5*q - 759. What is the tens digit of n?
6
Let g(t) = 2*t**3 + 19*t**2 + 9*t + 7. Let u be g(-9). Let m(v) be the second derivative of 5*v**4/12 - 19*v**3/6 - 5*v**2 - v. What is the tens digit of m(u)?
0
Let b be 7*12/63*18. Let z be (-18)/b + 23/4. Suppose -2*q - 7 = 1, z*q = 5*g - 85. What is the tens digit of g?
1
Let p = 61 - 46. Suppose -p*a - 4568 = -23*a. Suppose 6*x - 143 = a. What is the hundreds digit of x?
1
Let o be -2*4 + (-13)/(130/(-20)). Let i(w) = 17*w**2 - 4*w + 1. What is the units digit of i(o)?
7
What is the hundreds digit of (-135)/(-15) + 358839/13?
6
Suppose -2*j + 24010 = x, -4*x + 18*j = -6*x + 48104. What is the tens digit of x?
9
Let q = 25613 - 17377. What is the hundreds digit of q?
2
Suppose 2*d - 23 = -2*q - 3, q - 2 = 0. What is the units digit of d/52 + (-10580)/(-13)?
4
Let i(l) = -l**3 - 8*l**2 - 9*l - 14. Let m be i(-7). Suppose m*v - 204 = 4*v. Let f = v - -206. What is the tens digit of f?
5
Let d = -114728 + 164017. What is the tens digit of d?
8
Let q(z) = 3*z**3 - 21*z**2 - 10. Let b be q(7). Let s = b - 22. Let j = 65 + s. What is the units digit of j?
3
Suppose -52*a - 9 = -113. What is the tens digit of 2*a*251 + -61 + 62?
0
Let n(u) = 9*u**2 - u + 7. Suppose -c + 0*c = 2*g - 31, 2*c - 2*g = 38. Suppose 0 = -5*l - 4*k + c, -6*k + 2*k = -l - 5. What is the tens digit of n(l)?
8
Let z be 5/(5/(-82))*(-12)/24. Suppose -21*x - 17400 = -z*x. What is the tens digit of x?
7
Let w = -202 + 408. Suppose -3*o - 3 = 0, s - 7 - w = -4*o. What is the tens digit of s?
1
Let t be 8*27/42 - (-1)/(-7). Suppose o + 2*s - 9 = 24, t*s + 80 = 4*o. Let r = 47 - o. What is the tens digit of r?
2
Let l = 122 - 116. What is the hundreds digit of l/((-48)/604)*(-1 + -1)?
1
Let l(b) = 40*b**2 + 13*b + 5. Let z be l(4). Let c = z + -430. What is the hundreds digit of c?
2
Suppose 4*r - m = 249, -3*m - 86 = -4*r + 157. Suppose -5*g + 2*g = -r. Suppose -19*o - 42 = -g*o. What is the tens digit of o?
2
Suppose -2 = u - 5*f, -5*u = f + 8 + 2. Let k(x) = -127*x**3 - 7*x**2 - 10*x + 1. What is the hundreds digit of k(u)?
0
Let d(p) be the second derivative of 5*p**4/4 + 7*p**3/6 - 18*p**2 - 11*p. What is the units digit of d(8)?
0
Let p(z) = 506*z**2 - 19*z + 57. What is the thousands digit of p(4)?
8
Let f(s) = -43*s**2 - 21*s - 17. Let v(y) = 42*y**2 + 22*y + 16. Let b(r) = -3*f(r) - 2*v(r). What is the tens digit of b(-1)?
4
Let x(y) = 80*y**2 + 127*y - 254. What is the ten thousands digit of x(-23)?
3
Suppose 4*x - 1536 = x - 3*r, 3*x - 2*r = 1531. What is the units digit of x?
1
Let i = -1524 + 2639. Let a = 1749 - i. What is the hundreds digit of a?
6
Let z(o) = -o**3 + 5*o**2 - 12. Let l be z(4). Let v(c) be the third derivative of 5*c**4/24 - 7*c**3/3 + 2*c**2. What is the units digit of v(l)?
6
Suppose 3*i - 18318 = -3*c, 0 = 4*c + 75*i - 70*i - 24423. What is the tens digit of c?
0
Let x(v) = -187*v**3 - 4*v - 4. Let y be 187/(-44) - -3 - (-1)/4. What is the hundreds digit of x(y)?
1
What is the ten thousands digit of 15129 + -1 + (12 - 19)?
1
Let i be (-14)/133 + 118644/76. What is the hundreds digit of 1 - i/14*-1*2?
2
Suppose 230*k + 3902 = 232*k. What is the tens digit of k?
5
Let j(p) = -p**2 - 5*p + 4. Let n be j(-4). Let k be 2472 + 0 + (-20)/(n + -3). What is the units digit of k/28 - (-4)/(-28)?
8
Suppose 291*j + 343263 = 384*j. What is the tens digit of j?
9
What is the units digit of (-16)/2 - (131 + -5132)?
3
Let q = -51 - -65. Suppose 5*i - q = 6. What is the units digit of 1 + 0*1*(-2)/i?
1
Let v = -4531 + 8152. Let r = v - 2270. What is the thousands digit of r?
1
Let f = -622 + 625. Suppose 0 = 4*j - 5*r - 25, -r = 5*j + 4*r - 20. Suppose j*i - 410 = -4*k, f*k - k + 3*i = 206. What is the hundreds digit of k?
1
Suppose -3*s = -19*s + 32. Suppose -f + 2*f - s*n = 378, -3*n - 15 = 0. Suppose 3*l - f - 139 = 4*w, -l = -3*w - 174. What is the units digit of l?
5
Suppose 0 = 16*p - 108*p + 188324. What is the thousands digit of p?
2
What is the tens digit of 17389 - 0 - (-6 + (10 - 1))?
8
Suppose -3*g - 4*l + 2560 = -15898, -3*g - l + 18434 = 0. What is the hundreds digit of g?
1
Let k(m) = -9*m + 4. Let x be k(-3). Suppose x*n = 17*n + 4438. What is the units digit of n?
7
Suppose -4*a + 402434 = 5*j, -613*j + 321946 = -609*j + 3*a. What is the hundreds digit of j?
4
What is the units digit of (-4806)/4*(-6314)/231?
1
Let a(s) = s**3 - 8*s**2 + 8*s - 9. Let n be a(7). What is the units digit of 61/(n + (-155)/(-75)) - 3?
2
Suppose -u = n - 8, 0 = 5*n - 3*u - 22 - 10. Suppose -n*z + z + 12 = 0. Suppose 0*a = 3*w + a - 34, -z*w = -a - 31. What is the tens digit of w?
1
Suppose 33*q = -26376 + 257409. What is the thousands digit of q?
7
Let s(k) = 3 + 167*k + k**2 + 171*k - 341*k - k**3. Let n(u) = u. Let d be n(-3). What is the units digit of s(d)?
8
Let m(j) be the first derivative of j**4/4 + 4*j**3 - 1. Let g be 6/15 - (-285)/(-25). What is the units digit of m(g)?
1
Let y be ((-6)/4)/((6/2644)/(-1)). Let l = y + 480. What is the hundreds digit of l?
1
Let h be 9/(-12) + (-4)/16. Let q be 3/(h + 5 + -3). Suppose 605 = 8*r - q*r. What is the hundreds digit of r?
1
Suppose -4*g = -2*g + 4. Let y be (g - 1 - -4)*299. Let s = y + -122. What is the hundreds digit of s?
1
Suppose 85*b = 87*b - 3*p - 36362, 3*p = 24. What is the ten thousands digit of b?
1
What is the units digit of ((-15)/(-21))/(5/112595)?
5
Let f = 9616 + -6613. What is the hundreds digit of f?
0
Let b(o) = -13484*o - 1187. What is the ten thousands digit of b(-2)?
2
What is the tens digit of (-6510)/(-3)*(-5 - -4)*(-7 - -5)?
4
Let n(i) = -35*i**3 - 2*i**2 - 50*i - 489. What is the ten thousands digit of n(-9)?
2
Let o(a) = 8*a**3 - 63*a**2 - 117*a + 33. What is the ten thousands digit of o(18)?
2
Let g be (-2 - 2)/(-4 + 5). What is the tens digit of ((-6)/g)/(4/776)?
9
What is the units digit of 731*36 - (61/8 + 276/736)?
8
Let x be 1 - 4 - (-11 - -6). Suppose x*h - 28 = -10. What is the units digit of (3/h)/((-6)/(-1044))?
8
Let b(v) = -v**3 - 28*v**2 + 42*v + 198. What is the hundreds digit of b(-32)?
9
Let i = -7617 + 9526. What is the thousands digit of i?
1
Let s = -173 - -175. Suppose -1234 = 4*p - 7*p - 2*q, -s*p + 831 = 3*q. What is the tens digit of p?
0
Let z(x) = -x**3 + 10*x**2 + 9*x + 27. Let u be z(11). Let l(m) = m**3 - 2*m**2 - 15*m + 15. Let i be l(u). What is the tens digit of ((-1)/15 - 9/i)*-219?
4
Suppose f - 81*h + 84*h = 25505, -2*h + 76515 = 3*f. What is the ten thousands digit of f?
2
Let v = -1363 - 575. What is the tens digit of (12/5 - 3) + v/(-5)?
8
Let n(u) = -20*u**3 - 2*u**2 - 4*u. Let j = 191 - 123. Let h = j + -70. What is the tens digit of n(h)?
6
Suppose 10*x = -24 + 84. What is the units digit of (-8)/x - 74/6*-31?
1
Suppose v - 17181 = -w, -22*v + 17*v + 3*w = -85937. What is the hundreds digit of v?
1
Suppose -6*i + 5418 + 4662 = 0. Let q = i + -893. What is the hundreds digit of q?
7
Let z be 268548/759 - (12/22)/(-3). Suppose 2*w - 1588 = -2*g, z = w - 5*g - 470. What is the tens digit of w?
9
Let j(d) = d**2 - 11*d - 75. Let c be j(16). Suppose -512 = -p + s, -c*p - 4*s + 2581 = -2*s. What is the hundreds digit of p?
5
Let u(h) be the third derivative of 1/2*h**4 + 25*h**2 + 0*h + 47/6*h**3 + 0. What is the units digit of u(11)?
9
Let t be -1*(-7 - -4 - 7640/2). Suppose -8*m = -t - 785. Suppose 3*a + 3*a - m = 0. What is the units digit of a?
6
Suppose 12*p - 48 = 4*p. Let s be 76/p + 4 + 55/(-15). Suppose 5*l + s = 248. What is the units digit of l?
7
Suppose 2*b - 5*n - 210 = -3*b, 3*b + 3*n - 96 = 0. Let z = b - 45. What is the tens digit of (z/(-12))/((-314)/318 - -1)?
5
Let v(o) = -7*o + 86. Let y be v(12). Suppose y*r 